{"id":366,"date":"2011-10-26T18:19:27","date_gmt":"2011-10-26T18:19:27","guid":{"rendered":"http:\/\/www.televisionalternativa.es\/000\/?p=366"},"modified":"2011-10-26T18:19:27","modified_gmt":"2011-10-26T18:19:27","slug":"about-2","status":"publish","type":"page","link":"https:\/\/www.televisionalternativa.es\/000\/?page_id=366","title":{"rendered":"About"},"content":{"rendered":"<p>Televisi\u00f3n Alternativa: Una televisi\u00f3n 2.0 joven, din\u00e1mica, intuitiva, original, creativa, independiente y con visi\u00f3n de futuro.<\/p>\n<p>Un grupo joven de profesionales del mundo audiovisual y multimedia implicados en un proyecto alternativo e ilusionante de televisi\u00f3n . Creando la televisi\u00f3n del futuro en una simbiosis perfecta entre video e internet.<\/p>\n<p>Intentaremos plasmar en nuestra televisi\u00f3n, toda aquella informaci\u00f3n veraz, toda actividad creativa y toda opini\u00f3n libre que las televisiones tradicionales y comerciales han olvidado por no ser rentables.<\/p>\n<p>.<\/p>\n","protected":false},"excerpt":{"rendered":"Televisi\u00f3n Alternativa: Una televisi\u00f3n 2.0 joven, din\u00e1mica, intuitiva, original, creativa, independiente y con visi\u00f3n de futuro. Un grupo joven de profesionales del mundo \n<a class=\"moretag\" href=\"https:\/\/www.televisionalternativa.es\/000\/?page_id=366\"> [...]<\/a>","protected":false},"author":14,"featured_media":0,"parent":0,"menu_order":30,"comment_status":"open","ping_status":"closed","template":"","meta":{"footnotes":""},"class_list":["post-366","page","type-page","status-publish","hentry"],"_links":{"self":[{"href":"https:\/\/www.televisionalternativa.es\/000\/index.php?rest_route=\/wp\/v2\/pages\/366","targetHints":{"allow":["GET"]}}],"collection":[{"href":"https:\/\/www.televisionalternativa.es\/000\/index.php?rest_route=\/wp\/v2\/pages"}],"about":[{"href":"https:\/\/www.televisionalternativa.es\/000\/index.php?rest_route=\/wp\/v2\/types\/page"}],"author":[{"embeddable":true,"href":"https:\/\/www.televisionalternativa.es\/000\/index.php?rest_route=\/wp\/v2\/users\/14"}],"replies":[{"embeddable":true,"href":"https:\/\/www.televisionalternativa.es\/000\/index.php?rest_route=%2Fwp%2Fv2%2Fcomments&post=366"}],"version-history":[{"count":0,"href":"https:\/\/www.televisionalternativa.es\/000\/index.php?rest_route=\/wp\/v2\/pages\/366\/revisions"}],"wp:attachment":[{"href":"https:\/\/www.televisionalternativa.es\/000\/index.php?rest_route=%2Fwp%2Fv2%2Fmedia&parent=366"}],"curies":[{"name":"wp","href":"https:\/\/api.w.org\/{rel}","templated":true}]}}